mainder when 251 is divided by 17.
13
Calculate the remainder when 179 is divided by 13.
10
What is the remainder when 182 is divided by 33?
17
What is the remainder when 587 is divided by 46?
35
What is the remainder when 2579 is divided by 38?
33
What is the remainder when 1241 is divided by 54?
53
Calculate the remainder when 1155 is divided by 97.
88
What is the remainder when 425 is divided by 66?
29
What is the remainder when 276 is divided by 126?
24
Calculate the remainder when 572 is divided by 5.
2
What is the remainder when 42 is divided by 11?
9
What is the remainder when 1128 is divided by 48?
24
What is the remainder when 221 is divided by 61?
38
Calculate the remainder when 1039 is divided by 209.
203
What is the remainder when 2218 is divided by 29?
14
What is the remainder when 280 is divided by 63?
28
Calculate the remainder when 871 is divided by 24.
7
Calculate the remainder when 1618 is divided by 135.
133
Calculate the remainder when 244 is divided by 31.
27
What is the remainder when 171 is divided by 19?
0
What is the remainder when 2859 is divided by 22?
21
Calculate the remainder when 246 is divided by 66.
48
Calculate the remainder when 3274 is divided by 78.
76
What is the remainder when 244 is divided by 90?
64
What is the remainder when 485 is divided by 19?
10
What is the remainder when 162 is divided by 58?
46
Calculate the remainder when 842 is divided by 166.
12
Calculate the remainder when 89 is divided by 42.
5
Calculate the remainder when 985 is divided by 26.
23
What is the remainder when 1076 is divided by 13?
10
Calculate the remainder when 137 is divided by 14.
11
What is the remainder when 2377 is divided by 587?
29
Calculate the remainder when 203 is divided by 34.
33
What is the remainder when 26 is divided by 18?
8
What is the remainder when 785 is divided by 154?
15
Calculate the remainder when 66 is divided by 33.
0
What is the remainder when 366 is divided by 81?
42
What is the remainder when 18530 is divided by 82?
80
Calculate the remainder when 3001 is divided by 997.
10
Calculate the remainder when 258 is divided by 5.
3
What is the remainder when 156 is divided by 139?
17
Calculate the remainder when 39 is divided by 10.
9
Calculate the remainder when 1121 is divided by 22.
21
Calculate the remainder when 1870 is divided by 153.
34
What is the remainder when 132 is divided by 15?
12
Calculate the remainder when 627 is divided by 21.
18
Calculate the remainder when 191 is divided by 54.
29
Calculate the remainder when 407 is divided by 141.
125
Calculate the remainder when 2493 is divided by 622.
5
What is the remainder when 253 is divided by 62?
5
Calculate the remainder when 7295 is divided by 10.
5
What is the remainder when 4238 is divided by 16?
14
Calculate the remainder when 587 is divided by 44.
15
What is the remainder when 152 is divided by 17?
16
Calculate the remainder when 262 is divided by 52.
2
Calculate the remainder when 90 is divided by 61.
29
Calculate the remainder when 22434 is divided by 35.
34
What is the remainder when 518 is divided by 26?
24
Calculate the remainder when 92 is divided by 77.
15
What is the remainder when 47 is divided by 30?
17
Calculate the remainder when 10367 is divided by 64.
63
What is the remainder when 8239 is divided by 13?
10
Calculate the remainder when 1785 is divided by 43.
22
Calculate the remainder when 224 is divided by 71.
11
What is the remainder when 75 is divided by 12?
3
Calculate the remainder when 96 is divided by 40.
16
Calculate the remainder when 2283 is divided by 29.
21
What is the remainder when 276 is divided by 73?
57
What is the remainder when 4200 is divided by 33?
9
Calculate the remainder when 52 is divided by 34.
18
Calculate the remainder when 1230 is divided by 28.
26
What is the remainder when 10801 is divided by 148?
145
Calculate the remainder when 686 is divided by 188.
122
Calculate the remainder when 35 is divided by 5.
0
What is the remainder when 2922 is divided by 29?
22
Calculate the remainder when 141 is divided by 6.
3
Calculate the remainder when 47 is divided by 10.
7
What is the remainder when 192 is divided by 64?
0
What is the remainder when 3654 is divided by 28?
14
Calculate the remainder when 671 is divided by 75.
71
Calculate the remainder when 2748 is divided by 106.
98
What is the remainder when 405 is divided by 116?
57
What is the remainder when 342 is divided by 87?
81
Calculate the remainder when 21885 is divided by 114.
111
What is the remainder when 232 is divided by 45?
7
Calculate the remainder when 757 is divided by 76.
73
What is the remainder when 2399 is divided by 15?
14
Calculate the remainder when 262 is divided by 80.
22
What is the remainder when 600 is divided by 567?
33
Calculate the remainder when 742 is divided by 6.
4
Calculate the remainder when 306 is divided by 68.
34
What is the remainder when 802 is divided by 24?
10
What is the remainder when 236 is divided by 25?
11
What is the remainder when 340 is divided by 112?
4
What is the remainder when 543 is divided by 259?
25
Calculate the remainder when 819 is divided by 43.
2
Calculate the remainder when 663 is divided by 215.
18
What is the remainder when 130 is divided by 95?
35
What is the remainder when 1162 is divided by 381?
19
What is the remainder when 11151 is divided by 115?
111
What is the remainder when 241 is divided by 11?
10
Calculate the remainder when 291 is divided by 20.
11
What is the remainder when 1536 is divided by 10?
6
What is the remainder when 3061 is divided by 191?
5
Calculate the remainder when 1696 is divided by 261.
130
Calculate the remainder when 46 is divided by 3.
1
Calculate the remainder when 1162 is divided by 164.
14
Calculate the remainder when 827 is divided by 38.
29
What is the remainder when 18492 is divided by 7?
5
What is the remainder when 9838 is divided by 410?
408
Calculate the remainder when 90 is divided by 50.
40
Calculate the remainder when 146 is divided by 50.
46
Calculate the remainder when 170 is divided by 27.
8
What is the remainder when 177 is divided by 26?
21
What is the remainder when 76 is divided by 42?
34
What is the remainder when 11 is divided by 8?
3
What is the remainder when 745 is divided by 3?
1
Calculate the remainder when 948 is divided by 13.
12
Calculate the remainder when 884 is divided by 868.
16
Calculate the remainder when 6142 is divided by 8.
6
Calculate the remainder when 214 is divided by 71.
1
Calculate the remainder when 7080 is divided by 3536.
8
What is the remainder when 33 is divided by 18?
15
Calculate the remainder when 348 is divided by 32.
28
What is the remainder when 170 is divided by 35?
30
What is the remainder when 3106 is divided by 84?
82
Calculate the remainder when 267 is divided by 67.
66
Calculate the remainder when 35 is divided by 14.
7
Calculate the remainder when 86 is divided by 10.
6
Calculate the remainder when 78 is divided by 20.
18
What is the remainder when 1820 is divided by 260?
0
What is the remainder when 3128 is divided by 34?
0
What is the remainder when 80 is divided by 9?
8
Calculate the remainder when 79 is divided by 39.
1
What is the remainder when 523 is divided by 15?
13
Calculate the remainder when 714 is divided by 34.
0
Calculate the remainder when 215 is divided by 122.
93
What is the remainder when 81 is divided by 18?
9
What is the remainder when 712 is divided by 211?
79
What is the remainder when 588 is divided by 86?
72
Calculate the remainder when 275 is divided by 112.
51
What is the remainder when 564 is divided by 95?
89
Calculate the remainder when 6026 is divided by 8.
2
Calculate the remainder when 1094 is divided by 396.
302
What is the remainder when 352 is divided by 137?
78
Calculate the remainder when 100 is divided by 27.
19
What is the remainder when 204 is divided by 22?
6
What is the remainder when 45 is divided by 22?
1
Calculate the remainder when 99 is divided by 13.
8
Calculate the remainder when 784 is divided by 118.
76
What is the remainder when 249 is divided by 30?
9
Calculate the remainder when 195 is divided by 81.
33
Calculate the remainder when 122 is divided by 48.
26
What is the remainder when 328 is divided by 327?
1
What is the remainder when 